{"id":821,"date":"2024-11-07T01:08:01","date_gmt":"2024-11-07T01:08:01","guid":{"rendered":"https:\/\/fabrication.valis-inov.com\/portfolio\/moldes-de-pre-fabricacao-para-o-fabrico-de-modulos-de-ponte\/"},"modified":"2024-11-07T01:08:01","modified_gmt":"2024-11-07T01:08:01","slug":"moldes-de-pre-fabricacao-para-o-fabrico-de-modulos-de-ponte","status":"publish","type":"portfolio","link":"https:\/\/fabrication.valis-inov.com\/pt-pt\/portfolio\/moldes-de-pre-fabricacao-para-o-fabrico-de-modulos-de-ponte\/","title":{"rendered":"Moldes de pr\u00e9-fabrica\u00e7\u00e3o para o fabrico de m\u00f3dulos de ponte"},"featured_media":822,"template":"","class_list":["post-821","portfolio","type-portfolio","status-publish","has-post-thumbnail","hentry"],"acf":[],"_links":{"self":[{"href":"https:\/\/fabrication.valis-inov.com\/pt-pt\/wp-json\/wp\/v2\/portfolio\/821","targetHints":{"allow":["GET"]}}],"collection":[{"href":"https:\/\/fabrication.valis-inov.com\/pt-pt\/wp-json\/wp\/v2\/portfolio"}],"about":[{"href":"https:\/\/fabrication.valis-inov.com\/pt-pt\/wp-json\/wp\/v2\/types\/portfolio"}],"wp:featuredmedia":[{"embeddable":true,"href":"https:\/\/fabrication.valis-inov.com\/pt-pt\/wp-json\/wp\/v2\/media\/822"}],"wp:attachment":[{"href":"https:\/\/fabrication.valis-inov.com\/pt-pt\/wp-json\/wp\/v2\/media?parent=821"}],"curies":[{"name":"wp","href":"https:\/\/api.w.org\/{rel}","templated":true}]}}

Moldes de pré-fabricação para o fabrico de módulos de ponte
