{"id":736,"date":"2024-11-07T01:15:12","date_gmt":"2024-11-07T01:15:12","guid":{"rendered":"https:\/\/fabrication.valis-inov.com\/portfolio\/cofragem-para-a-renovacao-das-eclusas-de-mericourt\/"},"modified":"2024-11-07T01:15:12","modified_gmt":"2024-11-07T01:15:12","slug":"cofragem-para-a-renovacao-das-eclusas-de-mericourt","status":"publish","type":"portfolio","link":"https:\/\/fabrication.valis-inov.com\/pt-pt\/portfolio\/cofragem-para-a-renovacao-das-eclusas-de-mericourt\/","title":{"rendered":"Cofragem para a renova\u00e7\u00e3o das eclusas de M\u00e9ricourt"},"featured_media":740,"template":"","class_list":["post-736","portfolio","type-portfolio","status-publish","has-post-thumbnail","hentry"],"acf":[],"_links":{"self":[{"href":"https:\/\/fabrication.valis-inov.com\/pt-pt\/wp-json\/wp\/v2\/portfolio\/736","targetHints":{"allow":["GET"]}}],"collection":[{"href":"https:\/\/fabrication.valis-inov.com\/pt-pt\/wp-json\/wp\/v2\/portfolio"}],"about":[{"href":"https:\/\/fabrication.valis-inov.com\/pt-pt\/wp-json\/wp\/v2\/types\/portfolio"}],"wp:featuredmedia":[{"embeddable":true,"href":"https:\/\/fabrication.valis-inov.com\/pt-pt\/wp-json\/wp\/v2\/media\/740"}],"wp:attachment":[{"href":"https:\/\/fabrication.valis-inov.com\/pt-pt\/wp-json\/wp\/v2\/media?parent=736"}],"curies":[{"name":"wp","href":"https:\/\/api.w.org\/{rel}","templated":true}]}}

Cofragem para a renovação das eclusas de Méricourt
