{"id":729,"date":"2024-11-07T01:15:12","date_gmt":"2024-11-07T01:15:12","guid":{"rendered":"https:\/\/fabrication.valis-inov.com\/portfolio\/coffrage-pour-la-renovation-des-ecluses-de-mericourt\/"},"modified":"2024-11-07T01:15:12","modified_gmt":"2024-11-07T01:15:12","slug":"coffrage-pour-la-renovation-des-ecluses-de-mericourt","status":"publish","type":"portfolio","link":"https:\/\/fabrication.valis-inov.com\/fr\/portfolio\/coffrage-pour-la-renovation-des-ecluses-de-mericourt\/","title":{"rendered":"Coffrage pour la r\u00e9novation des \u00e9cluses de M\u00e9ricourt"},"featured_media":733,"template":"","class_list":["post-729","portfolio","type-portfolio","status-publish","has-post-thumbnail","hentry"],"acf":[],"_links":{"self":[{"href":"https:\/\/fabrication.valis-inov.com\/fr\/wp-json\/wp\/v2\/portfolio\/729","targetHints":{"allow":["GET"]}}],"collection":[{"href":"https:\/\/fabrication.valis-inov.com\/fr\/wp-json\/wp\/v2\/portfolio"}],"about":[{"href":"https:\/\/fabrication.valis-inov.com\/fr\/wp-json\/wp\/v2\/types\/portfolio"}],"wp:featuredmedia":[{"embeddable":true,"href":"https:\/\/fabrication.valis-inov.com\/fr\/wp-json\/wp\/v2\/media\/733"}],"wp:attachment":[{"href":"https:\/\/fabrication.valis-inov.com\/fr\/wp-json\/wp\/v2\/media?parent=729"}],"curies":[{"name":"wp","href":"https:\/\/api.w.org\/{rel}","templated":true}]}}

Coffrage pour la rénovation des écluses de Méricourt
